7880794.
2, 13, 79, 23311
What are the prime factors of 2997309169?
2997309169
What are the prime factors of 529709211?
3, 58856579
What are the prime factors of 32659985?
5, 41, 313, 509
List the prime factors of 23445975.
3, 5, 7, 17, 37, 71
What are the prime factors of 99873937?
19, 353, 14891
What are the prime factors of 42407291?
37, 1146143
What are the prime factors of 272406188?
2, 67, 1016441
List the prime factors of 26938612.
2, 23, 349, 839
List the prime factors of 5044292363.
11, 458572033
What are the prime factors of 89897135?
5, 47, 382541
List the prime factors of 42690043.
11, 17, 167, 1367
List the prime factors of 1946091817.
1946091817
List the prime factors of 4475879171.
4475879171
What are the prime factors of 280689076?
2, 47, 1493027
List the prime factors of 61703404.
2, 7, 17, 129629
What are the prime factors of 847746019?
433, 733, 2671
What are the prime factors of 857247793?
3119, 274847
List the prime factors of 983467820.
2, 5, 41, 1199351
What are the prime factors of 4144615?
5, 828923
List the prime factors of 3100011420.
2, 3, 5, 11, 4696987
What are the prime factors of 2482485744?
2, 3, 271, 190843
What are the prime factors of 2736940843?
7, 13, 281, 107033
What are the prime factors of 188658567?
3, 199, 105337
List the prime factors of 307425454.
2, 7, 193, 113777
List the prime factors of 61066727.
89, 686143
What are the prime factors of 1904496038?
2, 67, 14212657
What are the prime factors of 292111708?
2, 7, 103, 101287
List the prime factors of 656934612.
2, 3, 79, 692969
What are the prime factors of 3038232?
2, 3, 71, 1783
List the prime factors of 2177523893.
61, 35697113
List the prime factors of 5307426849.
3, 859, 2059537
What are the prime factors of 3490725690?
2, 3, 5, 5479, 7079
List the prime factors of 130337229.
3, 11, 53, 74521
What are the prime factors of 4321382068?
2, 1080345517
What are the prime factors of 38671111?
83, 465917
What are the prime factors of 8903854?
2, 809, 5503
What are the prime factors of 407500278?
2, 3, 853, 79621
What are the prime factors of 91220411?
91220411
List the prime factors of 995055371.
23, 739, 58543
List the prime factors of 68901506.
2, 29, 829, 1433
What are the prime factors of 51118620?
2, 3, 5, 7, 121711
What are the prime factors of 2361257979?
3, 787085993
List the prime factors of 23286150.
2, 3, 5, 47, 367
List the prime factors of 15632605.
5, 17, 353, 521
What are the prime factors of 1168170494?
2, 277, 2108611
What are the prime factors of 41617796?
2, 11, 613, 1543
What are the prime factors of 75135677?
787, 95471
List the prime factors of 5042484025.
5, 31, 311, 20921
What are the prime factors of 84476918?
2, 42238459
List the prime factors of 3062208351.
3, 17, 2347, 25583
List the prime factors of 39551229.
3, 127, 34603
What are the prime factors of 984546050?
2, 5, 23, 31, 27617
List the prime factors of 579820714.
2, 11, 31, 850177
What are the prime factors of 364604055?
3, 5, 24306937
What are the prime factors of 360560916?
2, 3, 3338527
List the prime factors of 58230369.
3, 31, 113, 1847
What are the prime factors of 18084588?
2, 3, 229, 6581
List the prime factors of 8383764.
2, 3, 31, 727
List the prime factors of 211244141.
617, 342373
What are the prime factors of 933719845?
5, 23, 31, 43, 6091
What are the prime factors of 117019527?
3, 39006509
List the prime factors of 6567591738.
2, 3, 31, 241, 146513
List the prime factors of 6088940162.
2, 89, 1511, 22639
What are the prime factors of 2004226155?
3, 5, 89, 500431
What are the prime factors of 190906825?
5, 7636273
What are the prime factors of 1626215525?
5, 11, 59, 73, 1373
List the prime factors of 50243696.
2, 41, 191, 401
What are the prime factors of 2201760877?
743, 2963339
List the prime factors of 721973392.
2, 7, 47, 137153
List the prime factors of 28735581.
3, 7, 19, 72019
List the prime factors of 192297861.
3, 7, 1017449
What are the prime factors of 42649667?
991, 43037
List the prime factors of 1148312069.
601, 1910669
What are the prime factors of 11498913?
3, 1277657
What are the prime factors of 397927466?
2, 17, 113, 103573
What are the prime factors of 48700087?
17, 41, 107, 653
List the prime factors of 75754451.
173, 313, 1399
What are the prime factors of 316697753?
163, 193, 10067
What are the prime factors of 6577916993?
23, 285996391
What are the prime factors of 44781940?
2, 5, 7, 79, 4049
List the prime factors of 7195134966.
2, 3, 19, 47, 1342877
What are the prime factors of 103653858?
2, 3, 7, 11, 224359
What are the prime factors of 223474698?
2, 3, 43, 179, 1613
What are the prime factors of 582880407?
3, 79, 2459411
What are the prime factors of 137462114?
2, 599, 114743
What are the prime factors of 3841499760?
2, 3, 5, 7, 211, 10837
What are the prime factors of 5047327?
23, 31, 7079
List the prime factors of 4462505386.
2, 61, 67, 545939
What are the prime factors of 20570501?
7, 179, 16417
List the prime factors of 369832313.
83, 109, 40879
What are the prime factors of 4037805?
3, 5, 53, 1693
What are the prime factors of 311976974?
2, 53, 2943179
What are the prime factors of 750871574?
2, 4703, 79829
What are the prime factors of 37054466?
2, 1097, 16889
What are the prime factors of 130486890?
2, 3, 5, 197, 22079
What are the prime factors of 196837181?
29, 6787489
What are the prime factors of 148466016?
2, 3, 515507
List the prime factors of 4984378365.
3, 5, 15131, 21961
What are the prime factors of 90823580?
2, 5, 83, 54713
What are the prime factors of 32452655?
5, 23, 59, 4783
List the prime factors of 355455235.
5, 59, 61, 19753
What are the prime factors of 2294125422?
2, 3, 43, 2309, 3851
What are the prime factors of 6206830?
2, 5, 7, 53, 239
List the prime factors of 133819155.
3, 5, 17, 58309
What are the prime factors of 1724643818?
2, 71, 12145379
What are the prime factors of 557049912?
2, 3, 31, 748723
What are the prime factors of 86469610?
2, 5, 8646961
What are the prime factors of 231059548?
2, 57764887
What are the prime factors of 398919278?
2, 9029, 22091
List the prime factors of 3381398926.
2, 47, 35972329
List the prime factors of 347668788.
2, 3, 2543, 11393
What are the prime factors of 132705481?
19, 53, 131783
What are the prime factors of 18203874?
2, 3, 13, 419, 557
List the prime factors of 82554923.
11, 7504993
What are the prime factors of 9919909?
41, 313, 773
What are the prime factors of 29952782?
2, 14976391
List the prime factors of 85170351.
3, 7, 1103, 3677
List the prime factors of 77667994.
2, 38833997
What are the prime factors of 5600440029?
3, 2477, 753659
What are the prime factors of 371718234?
2, 3, 271, 8467
List the prime factors of 403011543.
3, 11, 23, 530977
List the prime factors of 3740031.
3, 415559
List the prime factors of 44030110.
2, 5, 461, 9551
List the prime factors of 339152933.
7, 48450419
List the prime factors of 1168559457.
3, 13, 2304851
List the prime factors of 22542969.
3, 17, 442019
What are the prime factors of 520302435?
3, 5, 23, 773, 1951
What are the prime factors of 49631749?
397, 125017
What are the prime factors of 103326116?
2, 47, 549607
List the prime factors of 729071728.
2, 7, 11, 591779
What are the prime factors of 5120968550?
2, 5, 7907, 12953
What are the prime factors of 402863040?
2, 3, 5, 139883
List the prime factors of 260527321.
260527321
What are the prime factors of 116218631?
29, 138191
What are the prime factors of 445883285?
5, 647, 137831
List the prime factors of 21429468.
2, 3, 23, 8627
What are the prime factors of 3760243669?
7, 13, 269, 153611
What are the prime factors of 873854548?
2, 7, 23, 997, 1361
List the prime factors of 2136452741.
149, 14338609
What are the prime factors of 27515456?
2, 429929
List the prime factors of 584847421.
53, 11034857
What are the prime factors of 1936610304?
2, 3, 23, 27409
List the prime factors of 61825387.
13, 653, 7283
What are the prime factors of 528387068?
2, 11, 12008797
List the prime factors of 1200185233.
13, 92321941
List the prime factors of 21056615.
5, 23, 283, 647
List the prime factors of 535376450.
2, 5, 7, 218521
What are the prime factors of 132393044?
2, 7, 43, 109961
What are the prime factors of 1093193226?
2, 3, 1223, 16553
What are the pr